-- MySQL dump 10.13  Distrib 8.0.29, for Win64 (x86_64)
--
-- Host: 10.0.0.20    Database: test_fvf_inventario
-- ------------------------------------------------------
-- Server version	8.0.30-0ubuntu0.22.04.1

/*!40101 SET @OLD_CHARACTER_SET_CLIENT=@@CHARACTER_SET_CLIENT */;
/*!40101 SET @OLD_CHARACTER_SET_RESULTS=@@CHARACTER_SET_RESULTS */;
/*!40101 SET @OLD_COLLATION_CONNECTION=@@COLLATION_CONNECTION */;
/*!50503 SET NAMES utf8 */;
/*!40103 SET @OLD_TIME_ZONE=@@TIME_ZONE */;
/*!40103 SET TIME_ZONE='+00:00' */;
/*!40014 SET @OLD_UNIQUE_CHECKS=@@UNIQUE_CHECKS, UNIQUE_CHECKS=0 */;
/*!40014 SET @OLD_FOREIGN_KEY_CHECKS=@@FOREIGN_KEY_CHECKS, FOREIGN_KEY_CHECKS=0 */;
/*!40101 SET @OLD_SQL_MODE=@@SQL_MODE, SQL_MODE='NO_AUTO_VALUE_ON_ZERO' */;
/*!40111 SET @OLD_SQL_NOTES=@@SQL_NOTES, SQL_NOTES=0 */;

--
-- Table structure for table `aplicacion`
--

DROP TABLE IF EXISTS `aplicacion`;
/*!40101 SET @saved_cs_client     = @@character_set_client */;
/*!50503 SET character_set_client = utf8mb4 */;
CREATE TABLE `aplicacion` (
  `id` int NOT NULL AUTO_INCREMENT,
  `nombre` varchar(100) NOT NULL,
  `status` varchar(45) NOT NULL,
  `date_created` datetime NOT NULL,
  `date_updated` datetime NOT NULL,
  PRIMARY KEY (`id`)
) ENGINE=InnoDB AUTO_INCREMENT=7 DEFAULT CHARSET=utf8mb3;
/*!40101 SET character_set_client = @saved_cs_client */;

--
-- Dumping data for table `aplicacion`
--

LOCK TABLES `aplicacion` WRITE;
/*!40000 ALTER TABLE `aplicacion` DISABLE KEYS */;
INSERT INTO `aplicacion` VALUES (1,'Word','active','2022-08-23 19:43:32','2022-08-23 19:43:32'),(2,'Power Point','active','2022-08-23 19:43:32','2022-08-23 19:43:32'),(3,'Excel','active','2022-08-23 19:43:32','2022-08-23 19:43:32'),(4,'anydesk','active','2022-08-23 19:43:32','2022-08-23 19:43:32'),(5,'netbeans','active','2022-08-23 19:43:32','2022-08-23 19:43:32'),(6,'obs ninja','active','2022-08-23 20:51:21','2022-08-23 20:51:21');
/*!40000 ALTER TABLE `aplicacion` ENABLE KEYS */;
UNLOCK TABLES;

--
-- Table structure for table `colaborador`
--

DROP TABLE IF EXISTS `colaborador`;
/*!40101 SET @saved_cs_client     = @@character_set_client */;
/*!50503 SET character_set_client = utf8mb4 */;
CREATE TABLE `colaborador` (
  `id` int NOT NULL AUTO_INCREMENT,
  `nombre` varchar(100) NOT NULL,
  `date_created` datetime DEFAULT NULL,
  `date_updated` datetime DEFAULT NULL,
  `status` varchar(10) NOT NULL,
  PRIMARY KEY (`id`)
) ENGINE=InnoDB AUTO_INCREMENT=7 DEFAULT CHARSET=utf8mb3;
/*!40101 SET character_set_client = @saved_cs_client */;

--
-- Dumping data for table `colaborador`
--

LOCK TABLES `colaborador` WRITE;
/*!40000 ALTER TABLE `colaborador` DISABLE KEYS */;
INSERT INTO `colaborador` VALUES (3,'francisco gomez','2022-08-04 18:10:44','2022-08-04 18:10:44','active'),(4,'Francisco Gomez testing','2022-08-15 20:11:58','2022-08-15 20:11:58','active'),(5,'francisco gomedx','2022-08-18 13:02:09','2022-08-18 13:02:09','active'),(6,'maria valero','2022-08-23 20:34:05','2022-08-23 20:34:05','active');
/*!40000 ALTER TABLE `colaborador` ENABLE KEYS */;
UNLOCK TABLES;

--
-- Table structure for table `equipo`
--

DROP TABLE IF EXISTS `equipo`;
/*!40101 SET @saved_cs_client     = @@character_set_client */;
/*!50503 SET character_set_client = utf8mb4 */;
CREATE TABLE `equipo` (
  `id` int NOT NULL AUTO_INCREMENT,
  `tipo` varchar(45) NOT NULL,
  `serial` varchar(45) NOT NULL,
  `marca` varchar(45) NOT NULL,
  `modelo` varchar(45) NOT NULL,
  `nombrehost` varchar(45) DEFAULT NULL,
  `procesador` varchar(45) DEFAULT NULL,
  `memoria` varchar(45) DEFAULT NULL,
  `discoduro` varchar(45) DEFAULT NULL,
  `sistema` varchar(45) DEFAULT NULL,
  `consumible` varchar(45) DEFAULT NULL,
  `comments` text,
  `status` varchar(45) NOT NULL,
  `date_created` datetime NOT NULL,
  `date_updated` datetime DEFAULT NULL,
  `id_equipo_estado` int NOT NULL,
  PRIMARY KEY (`id`),
  UNIQUE KEY `unq_equipo_attr` (`serial`,`marca`,`modelo`,`tipo`),
  KEY `fk_equipo_to_estado_equipo_idx` (`id_equipo_estado`),
  CONSTRAINT `fk_equipo_to_estado_equipo` FOREIGN KEY (`id_equipo_estado`) REFERENCES `equipo_estado` (`id`)
) ENGINE=InnoDB AUTO_INCREMENT=12 DEFAULT CHARSET=utf8mb3;
/*!40101 SET character_set_client = @saved_cs_client */;

--
-- Dumping data for table `equipo`
--

LOCK TABLES `equipo` WRITE;
/*!40000 ALTER TABLE `equipo` DISABLE KEYS */;
INSERT INTO `equipo` VALUES (6,'IMPRESORA','impresora 1','231231','12321',NULL,NULL,NULL,NULL,NULL,NULL,'comentarios','active','2022-08-23 19:41:40','2022-08-23 20:43:50',2),(7,'IMPRESORA','impresora 2','MARACAS','FDSFDS',NULL,NULL,NULL,NULL,NULL,NULL,'invnetairos','active','2022-08-23 19:41:40','2022-08-23 20:43:50',4),(8,'PC','8CQ70306YN','HP','ALL-IN-ONE','tecno01','Intel(R) Core(TM) i7-7700T CPU @ 2.90GHz','17.18 GB','1256.26 GB','Microsoft Windows 10 Pro',NULL,'','active','2022-08-23 19:41:40','2022-08-23 20:51:21',1),(9,'TELEFONO','telefono 1','MARCA','MODELO TELEFONO','ext 12345',NULL,'tel 584123376556',NULL,NULL,NULL,'funcionasda','active','2022-08-23 19:43:32','2022-08-23 20:43:50',1),(10,'UPS','ups 1','MARACA UPS 1','MODELO UPS 1',NULL,NULL,NULL,NULL,NULL,NULL,'se jodio','active','2022-08-23 19:43:32','2022-08-23 20:43:50',4),(11,'IMPRESORA','mierdaaa','HP','LASERJET PRO MFP M4877FDN',NULL,NULL,NULL,NULL,NULL,NULL,'','active','2022-08-23 20:51:21','2022-08-23 20:51:21',1);
/*!40000 ALTER TABLE `equipo` ENABLE KEYS */;
UNLOCK TABLES;

--
-- Table structure for table `equipo_aplicacion`
--

DROP TABLE IF EXISTS `equipo_aplicacion`;
/*!40101 SET @saved_cs_client     = @@character_set_client */;
/*!50503 SET character_set_client = utf8mb4 */;
CREATE TABLE `equipo_aplicacion` (
  `id` int NOT NULL AUTO_INCREMENT,
  `equipo_id` int NOT NULL,
  `aplicacion_id` int NOT NULL,
  PRIMARY KEY (`id`),
  KEY `fk_equipo_aplicacion_equipo_idx` (`equipo_id`),
  KEY `fk_equipo_aplicacion_aplicacion1_idx` (`aplicacion_id`),
  CONSTRAINT `fk_equipo_aplicacion_aplicacion1` FOREIGN KEY (`aplicacion_id`) REFERENCES `aplicacion` (`id`),
  CONSTRAINT `fk_equipo_aplicacion_equipo` FOREIGN KEY (`equipo_id`) REFERENCES `equipo` (`id`)
) ENGINE=InnoDB AUTO_INCREMENT=27 DEFAULT CHARSET=utf8mb3;
/*!40101 SET character_set_client = @saved_cs_client */;

--
-- Dumping data for table `equipo_aplicacion`
--

LOCK TABLES `equipo_aplicacion` WRITE;
/*!40000 ALTER TABLE `equipo_aplicacion` DISABLE KEYS */;
INSERT INTO `equipo_aplicacion` VALUES (21,8,1),(22,8,2),(23,8,3),(24,8,4),(25,8,5),(26,8,6);
/*!40000 ALTER TABLE `equipo_aplicacion` ENABLE KEYS */;
UNLOCK TABLES;

--
-- Table structure for table `equipo_estado`
--

DROP TABLE IF EXISTS `equipo_estado`;
/*!40101 SET @saved_cs_client     = @@character_set_client */;
/*!50503 SET character_set_client = utf8mb4 */;
CREATE TABLE `equipo_estado` (
  `id` int NOT NULL AUTO_INCREMENT,
  `code` varchar(45) NOT NULL,
  `nombre` varchar(100) DEFAULT NULL,
  `status` varchar(45) NOT NULL,
  PRIMARY KEY (`id`),
  UNIQUE KEY `code_UNIQUE` (`code`)
) ENGINE=InnoDB AUTO_INCREMENT=6 DEFAULT CHARSET=utf8mb3;
/*!40101 SET character_set_client = @saved_cs_client */;

--
-- Dumping data for table `equipo_estado`
--

LOCK TABLES `equipo_estado` WRITE;
/*!40000 ALTER TABLE `equipo_estado` DISABLE KEYS */;
INSERT INTO `equipo_estado` VALUES (1,'01','Buen estado','active'),(2,'02','Mal Estado - Funcional','active'),(3,'03','Buen estado - No funciona','active'),(4,'04','Mal estado - No funciona','active'),(5,'05','Descontinuado - funciona','active');
/*!40000 ALTER TABLE `equipo_estado` ENABLE KEYS */;
UNLOCK TABLES;

--
-- Table structure for table `gerencia`
--

DROP TABLE IF EXISTS `gerencia`;
/*!40101 SET @saved_cs_client     = @@character_set_client */;
/*!50503 SET character_set_client = utf8mb4 */;
CREATE TABLE `gerencia` (
  `id` int NOT NULL AUTO_INCREMENT,
  `nombre` varchar(45) NOT NULL,
  `status` varchar(45) NOT NULL,
  `date_created` datetime NOT NULL,
  `code` varchar(45) DEFAULT NULL,
  PRIMARY KEY (`id`)
) ENGINE=InnoDB AUTO_INCREMENT=4 DEFAULT CHARSET=utf8mb3;
/*!40101 SET character_set_client = @saved_cs_client */;

--
-- Dumping data for table `gerencia`
--

LOCK TABLES `gerencia` WRITE;
/*!40000 ALTER TABLE `gerencia` DISABLE KEYS */;
INSERT INTO `gerencia` VALUES (1,'Secretaria General','active','2022-08-15 20:10:21','100'),(2,'Infraestructura','active','2022-08-23 18:21:44','140'),(3,'Tecnología','active','2022-08-23 20:51:21','170');
/*!40000 ALTER TABLE `gerencia` ENABLE KEYS */;
UNLOCK TABLES;

--
-- Table structure for table `localidad`
--

DROP TABLE IF EXISTS `localidad`;
/*!40101 SET @saved_cs_client     = @@character_set_client */;
/*!50503 SET character_set_client = utf8mb4 */;
CREATE TABLE `localidad` (
  `id` int NOT NULL AUTO_INCREMENT,
  `nombre` varchar(45) NOT NULL,
  `description` varchar(45) NOT NULL,
  `sede_id` int NOT NULL,
  `date_created` datetime NOT NULL,
  `code` varchar(45) DEFAULT NULL,
  `status` varchar(45) NOT NULL,
  PRIMARY KEY (`id`),
  KEY `fk_localidad_sede1_idx` (`sede_id`),
  CONSTRAINT `fk_localidad_sede1` FOREIGN KEY (`sede_id`) REFERENCES `sede` (`id`)
) ENGINE=InnoDB AUTO_INCREMENT=11 DEFAULT CHARSET=utf8mb3;
/*!40101 SET character_set_client = @saved_cs_client */;

--
-- Dumping data for table `localidad`
--

LOCK TABLES `localidad` WRITE;
/*!40000 ALTER TABLE `localidad` DISABLE KEYS */;
INSERT INTO `localidad` VALUES (6,'nombre de la ubicacion','referencia de la ubicacion',4,'2022-08-18 21:16:57',NULL,'active'),(7,'nombre de la ubicacion otra locuras','referencia de la ubicacion',4,'2022-08-18 21:17:36',NULL,'active'),(8,'nombre de la ubicacion otra locuras','referencia de la ubicacion',5,'2022-08-18 21:18:04',NULL,'active'),(9,'jajaja','muyyy lejos',6,'2022-08-23 18:21:44',NULL,'active'),(10,'Anexo torre','piso 1 tecnologia',7,'2022-08-23 20:51:21',NULL,'active');
/*!40000 ALTER TABLE `localidad` ENABLE KEYS */;
UNLOCK TABLES;

--
-- Table structure for table `movimiento_equipo`
--

DROP TABLE IF EXISTS `movimiento_equipo`;
/*!40101 SET @saved_cs_client     = @@character_set_client */;
/*!50503 SET character_set_client = utf8mb4 */;
CREATE TABLE `movimiento_equipo` (
  `id` int NOT NULL AUTO_INCREMENT,
  `colaborador_id` int NOT NULL,
  `equipo_id` int NOT NULL,
  `fecha` datetime NOT NULL,
  `localidad_id` int NOT NULL,
  `responsable_id` int NOT NULL,
  `ultimo_movimiento` tinyint NOT NULL DEFAULT '0',
  `gerencia_id` int NOT NULL,
  PRIMARY KEY (`id`),
  KEY `fk_colaborador_has_equipo_equipo1_idx` (`equipo_id`),
  KEY `fk_colaborador_has_equipo_colaborador1_idx` (`colaborador_id`),
  KEY `fk_movimiento_equipo_localidad1_idx` (`localidad_id`),
  KEY `fk_movimiento_equipo_colaborador1_idx` (`responsable_id`),
  KEY `fk_movimiento_equipo_gerencia1_idx` (`gerencia_id`),
  CONSTRAINT `fk_colaborador_has_equipo_colaborador1` FOREIGN KEY (`colaborador_id`) REFERENCES `colaborador` (`id`),
  CONSTRAINT `fk_colaborador_has_equipo_equipo1` FOREIGN KEY (`equipo_id`) REFERENCES `equipo` (`id`),
  CONSTRAINT `fk_movimiento_equipo_colaborador1` FOREIGN KEY (`responsable_id`) REFERENCES `colaborador` (`id`),
  CONSTRAINT `fk_movimiento_equipo_gerencia1` FOREIGN KEY (`gerencia_id`) REFERENCES `gerencia` (`id`),
  CONSTRAINT `fk_movimiento_equipo_localidad1` FOREIGN KEY (`localidad_id`) REFERENCES `localidad` (`id`)
) ENGINE=InnoDB AUTO_INCREMENT=33 DEFAULT CHARSET=utf8mb3;
/*!40101 SET character_set_client = @saved_cs_client */;

--
-- Dumping data for table `movimiento_equipo`
--

LOCK TABLES `movimiento_equipo` WRITE;
/*!40000 ALTER TABLE `movimiento_equipo` DISABLE KEYS */;
INSERT INTO `movimiento_equipo` VALUES (1,3,6,'2022-08-23 20:40:43',9,3,0,2),(2,3,7,'2022-08-23 20:40:43',9,3,0,2),(3,3,8,'2022-08-23 20:40:43',9,3,0,2),(4,3,9,'2022-08-23 20:40:43',9,3,0,2),(5,3,10,'2022-08-23 20:40:43',9,3,0,2),(6,6,6,'2022-08-23 20:40:43',9,3,0,2),(7,6,7,'2022-08-23 20:40:43',9,3,0,2),(8,6,8,'2022-08-23 20:40:43',9,3,0,2),(9,6,9,'2022-08-23 20:40:43',9,3,0,2),(10,6,10,'2022-08-23 20:40:43',9,3,0,2),(11,3,6,'2022-08-23 20:42:09',9,3,0,2),(12,3,7,'2022-08-23 20:42:09',9,3,0,2),(13,3,8,'2022-08-23 20:42:10',9,3,0,2),(14,3,9,'2022-08-23 20:42:10',9,3,0,2),(15,3,10,'2022-08-23 20:42:10',9,3,0,2),(16,6,6,'2022-08-23 20:42:10',9,3,0,2),(17,6,7,'2022-08-23 20:42:10',9,3,0,2),(18,6,8,'2022-08-23 20:42:10',9,3,0,2),(19,6,9,'2022-08-23 20:42:10',9,3,0,2),(20,6,10,'2022-08-23 20:42:10',9,3,0,2),(21,3,6,'2022-08-23 20:43:50',9,3,1,2),(22,3,7,'2022-08-23 20:43:51',9,3,1,2),(23,3,8,'2022-08-23 20:43:51',9,3,0,2),(24,3,9,'2022-08-23 20:43:51',9,3,1,2),(25,3,10,'2022-08-23 20:43:51',9,3,1,2),(26,6,6,'2022-08-23 20:43:51',9,3,1,2),(27,6,7,'2022-08-23 20:43:51',9,3,1,2),(28,6,8,'2022-08-23 20:43:51',9,3,0,2),(29,6,9,'2022-08-23 20:43:51',9,3,1,2),(30,6,10,'2022-08-23 20:43:51',9,3,1,2),(31,3,11,'2022-08-23 20:51:21',10,3,1,3),(32,3,8,'2022-08-23 20:51:21',10,3,1,3);
/*!40000 ALTER TABLE `movimiento_equipo` ENABLE KEYS */;
UNLOCK TABLES;

--
-- Table structure for table `sede`
--

DROP TABLE IF EXISTS `sede`;
/*!40101 SET @saved_cs_client     = @@character_set_client */;
/*!50503 SET character_set_client = utf8mb4 */;
CREATE TABLE `sede` (
  `id` int NOT NULL AUTO_INCREMENT,
  `nombre` varchar(100) NOT NULL,
  `status` varchar(45) NOT NULL,
  `date_created` datetime NOT NULL,
  `date_updated` datetime DEFAULT NULL,
  `code` varchar(45) DEFAULT NULL,
  PRIMARY KEY (`id`)
) ENGINE=InnoDB AUTO_INCREMENT=8 DEFAULT CHARSET=utf8mb3;
/*!40101 SET character_set_client = @saved_cs_client */;

--
-- Dumping data for table `sede`
--

LOCK TABLES `sede` WRITE;
/*!40000 ALTER TABLE `sede` DISABLE KEYS */;
INSERT INTO `sede` VALUES (4,'Caracas - Torre Mega II','active','2022-08-18 21:16:57',NULL,NULL),(5,'Caracas - Torre Mega II - otra sede','active','2022-08-18 21:18:04',NULL,NULL),(6,'Yaracuy - CNAR Yaracuy','active','2022-08-23 18:21:44',NULL,NULL),(7,'Nueva Esparta - CNAR Margarita','active','2022-08-23 20:51:21',NULL,NULL);
/*!40000 ALTER TABLE `sede` ENABLE KEYS */;
UNLOCK TABLES;
/*!40103 SET TIME_ZONE=@OLD_TIME_ZONE */;

/*!40101 SET SQL_MODE=@OLD_SQL_MODE */;
/*!40014 SET FOREIGN_KEY_CHECKS=@OLD_FOREIGN_KEY_CHECKS */;
/*!40014 SET UNIQUE_CHECKS=@OLD_UNIQUE_CHECKS */;
/*!40101 SET CHARACTER_SET_CLIENT=@OLD_CHARACTER_SET_CLIENT */;
/*!40101 SET CHARACTER_SET_RESULTS=@OLD_CHARACTER_SET_RESULTS */;
/*!40101 SET COLLATION_CONNECTION=@OLD_COLLATION_CONNECTION */;
/*!40111 SET SQL_NOTES=@OLD_SQL_NOTES */;

-- Dump completed on 2022-08-23 17:10:54
